alculate the remainder when h is divided by 24.
22
Suppose 1375 + 825 = 20*q. Calculate the remainder when 6708 is divided by q.
108
Suppose -o = 2*v + 182, 3*v + 28 = 4*o - 267. Let t = v - -93. Suppose t = j - 30 - 75. Calculate the remainder when j is divided by 36.
33
Let s = -20 - -66. What is the remainder when ((-2)/(-5))/((-12)/(1 - 2641)) is divided by s?
42
Suppose -2*p + 5 = -3. Calculate the remainder when (995/20)/(1/p) - -3 is divided by 34.
32
Let h be 20*((-300)/(-48))/25. Let n = 22 + -15. Let w = h + n. What is the remainder when 44 is divided by w?
8
Let v = 8070 - 7559. Calculate the remainder when v is divided by 106.
87
Let k(t) = t**2 - 4*t + 5. Let o be k(4). Suppose 4*x + 4*s - 180 = 0, 2 = -o*s + 22. Let p = -6982 + 6988. What is the remainder when x is divided by p?
5
Let r(l) = -2*l + 1. Let d be r(-2). Suppose -d*j + 5*q = -45, q + 3*q = -4*j - 4. Calculate the remainder when 13 is divided by -3*(-3 + j) + 7.
1
Let i(s) = -s**3 + 23. Suppose 5*r = -r. Calculate the remainder when 181 is divided by i(r).
20
Suppose 106*n = 108*n - 2900. Suppose 16*q - 11*q - n = 0. Calculate the remainder when q is divided by 59.
54
Let m = 535 + -365. Let o(d) = 3*d + 10. What is the remainder when m is divided by o(3)?
18
Suppose 3495*h - 1759*h + 20178 = 1754*h. Calculate the remainder when h is divided by 94.
87
Suppose 0 = 4*h - 560 + 136. Let g = -132 - -128. Let d(y) = -y**3 - 4*y**2 - 8*y - 5. Calculate the remainder when h is divided by d(g).
25
Suppose 5*q = -33*t + 29*t + 4276, -5*q = 3*t - 4277. What is the remainder when q is divided by 22?
20
Suppose -32 = -c - 25, c + 153 = 5*s. Calculate the remainder when 1721 is divided by s.
25
Suppose 6*r - 3*c + 1785 = 11*r, -4*r - 4*c = -1428. What is the remainder when r is divided by 118?
3
Suppose 0 = -10*j - 6*j - 1632. What is the remainder when -52*j/12 + -1 is divided by 37?
34
Suppose -l + 2*u + 569 = 0, -2856 + 1179 = -3*l + u. What is the remainder when l is divided by 61?
8
Calculate the remainder when 2814 is divided by (-1)/((-3)/(-9)*-21 + 19760/2824).
343
Let v be (((-81)/(-4))/9)/(9/(-24)). Let q(c) = 2*c**2 + 17*c + 47. Calculate the remainder when (-2)/4*(-164 - -4) is divided by q(v).
12
Suppose 1729 + 4485 + 1716 = 5*t. What is the remainder when 3178 is divided by t?
6
Suppose 0 = -228*g - 59*g + 538986. What is the remainder when g is divided by 31?
18
Let w(v) = v**3 + 45*v**2 + 84*v + 37. Let x be w(-43). Suppose -x*g = -120*g - y - 392, -2*y - 524 = -4*g. Calculate the remainder when g is divided by 7.
4
Suppose -90*i + 27*i + 13209 + 3297 = 0. What is the remainder when i is divided by 42?
10
Let g(k) = -51*k - 706. Calculate the remainder when 225 is divided by g(-15).
48
Suppose 3082 = -5*h - 2*q, -h - 213*q - 619 = -210*q. Calculate the remainder when h/(-16)*(-36)/(-21) is divided by 34.
32
Let l(c) = c**2 - 4*c - 18. Let f be l(8). Let h be -1 - 0 - (13 - f). Suppose h = -2*m, 0 = g - 3*m - m - 37. Calculate the remainder when g is divided by 8.
5
Let t = 27 + -21. Let h = 18 - t. Suppose -5*q - 4*a + 24 = -120, -q + a = -36. What is the remainder when q is divided by h?
8
Suppose 278*p - 126*p = 202*p - 21650. What is the remainder when p is divided by 42?
13
Let f(p) = 3*p**2 - 2*p - 23. Let c be f(-5). Let j = 36 - 29. Suppose -c + 776 = j*m. What is the remainder when m is divided by 53?
49
Suppose -6*u + 2*u = -2140. Suppose -3*p + 4*r + 0*r + 1585 = 0, -p - 2*r = -u. What is the remainder when p is divided by 19?
18
Let p(s) = s**3 - 56*s**2 + 116*s + 65. Calculate the remainder when p(54) is divided by 10.
7
Let r(a) = -74*a - 3. What is the remainder when r(-5) is divided by (-9 + (-323)/(-34))/((-2)/(-148))?
34
Suppose -1057 + 127 = -32*o + 26*o. What is the remainder when 611 is divided by o?
146
Let v be (4/12)/((-4)/12)*164. Let i = v - -337. Calculate the remainder when i is divided by 29.
28
Suppose -4*i = -5*y - 978, i = -y + 59 + 181. Suppose 10*h + 122 = i. What is the remainder when 994 is divided by h?
10
Calculate the remainder when 138 is divided by (26/(-91))/((-9)/(-7)) - 479/(-9).
32
Suppose -992*s + 982*s + 390 = 0. Suppose 0*f = -5*f + 3*h + 16, 0 = 3*f + h - 18. What is the remainder when s is divided by f?
4
Calculate the remainder when 22 + 13 + 2142 - ((-20)/(-2))/2 is divided by 18.
12
Let w(y) = -11*y - 8. Let j be w(-1). Suppose a - 181 = -j*n, -4*n + a = -9*n + 301. What is the remainder when 238 is divided by n?
58
Let u = 1936 + -1917. Let g = 575 - 237. What is the remainder when g is divided by u?
15
Let r(z) = 2*z**3 + 26*z**2 - 4*z - 18. Calculate the remainder when r(-12) is divided by 6.
0
Let w = -30 + 14. Let s(i) = i**2 + 14*i - 31. Let g be s(w). Calculate the remainder when 28 is divided by (7 - g)/((-69)/(-184)).
12
Let k(n) = -3*n - 248 + 248. Let j be k(-1). Suppose -l - 22 = -4*l + v, j*v = -l + 14. Calculate the remainder when 24 is divided by l.
0
Let p be ((-2)/6)/((-2)/90*3). Suppose b = -2*f + 45, -3*b - p = 4. Calculate the remainder when 25 is divided by (f/(-6)*2)/(-1).
1
Suppose -2*n + c + 2634 = 0, 0 = -2*n - 14*c + 13*c + 2642. What is the remainder when n is divided by 22?
21
Let r be ((-102)/(-30) + -3)/((-4)/(-10)). Suppose 8*s - 121 = -r. Suppose -26 = -2*t + 2*k, 2*t + 3*k = 21 + s. What is the remainder when t is divided by 5?
0
Let u = 175 - 199. What is the remainder when -4*(-9)/u*2*-3 is divided by 5?
4
Let a(t) = -t**3 + 35*t**2 + 37*t - 876. What is the remainder when a(34) is divided by 34?
8
Suppose 148*g - 4938 = 1476 + 690. What is the remainder when 159 is divided by g?
15
Let c = -22 + 28. Let r(i) = -39 + 64 - i - i. Calculate the remainder when r(c) is divided by 8.
5
Let b be 113 - (0 - 2) - -1. Suppose 0 = 4*l + 36 - b. Suppose 5*f + 3*t = 510, 2*f - 81 = -3*t + 132. Calculate the remainder when f is divided by l.
19
Let o be 84/(-132) + (-4)/11. What is the remainder when 52 is divided by o/7*-7 + 8?
7
Calculate the remainder when 4584 is divided by ((-20)/(-6))/(8/168*14).
4
Let q = -178 + 184. What is the remainder when 22 is divided by (-1)/(-6)*q*7?
1
Let a(z) = 73*z**2 + 3426*z + 64. What is the remainder when a(-47) is divided by 108?
83
Suppose -4*i = 5*z + 87 + 312, 5*i = -2*z - 163. Let a(g) = -23*g + 4. Let f be a(5). Let s = z - f. What is the remainder when s is divided by 12?
8
Let d = 1043 - 1004. Calculate the remainder when 385 is divided by d.
34
Let n(i) = 3*i**3 + 17*i**2 - 9*i + 14. Calculate the remainder when 81 is divided by n(-6).
17
Let h = -147 - -153. Suppose 9 = h*j - 5*j + 4*x, 4*j - 3*x - 74 = 0. What is the remainder when 576 is divided by j?
15
Let n = -27 + 49. Calculate the remainder when 168 is divided by (-583)/n*(0 - 2).
9
Let g = -479 + 992. What is the remainder when g is divided by 9?
0
Suppose -1862 = -26*a + 634. Calculate the remainder when a is divided by 13.
5
Let x(w) = 27*w**3 - 5*w**2 - 102*w + 78. What is the remainder when x(8) is divided by 12?
10
Let k be (216/(-30))/((-2)/110). Let j = k - -130. Calculate the remainder when j is divided by 8.
6
Let i(u) = 1234*u**2 - 438*u + 435. What is the remainder when i(1) is divided by 95?
91
Let n be (-11 - -5)*(1 + -71). Suppose -9*a - a + n = 0. What is the remainder when 75 is divided by a?
33
Suppose -2*o + 2125 - 409 = 5*i, -7*o + 4*i + 5920 = 0. Calculate the remainder when o is divided by 66.
56
Let m = -35751 + 37732. Calculate the remainder when m is divided by 214.
55
Let u = 56 - 36. Let w be (-31)/((-372)/(-144))*(-2)/6. Suppose c - 5 = -w*q, -5*c - 7*q + 41 = -3*q. Calculate the remainder when u is divided by c.
2
Let o = -7084 - -7377. What is the remainder when o is divided by 160?
133
Suppose 46*o - 44*o = 358. What is the remainder when o is divided by 51?
26
Suppose 44 = 3*w - 5*h - 59, w - 36 = 2*h. Calculate the remainder when (-634)/(-5) - 1/(-5) is divided by w.
23
Let r(c) = -10*c - 49. Let o be r(-17). Let s be 4/(-22) + (-462)/o. Calculate the remainder when 21 is divided by ((-2)/s)/(13/286).
10
Suppose -2*j - j = 3*l - 24, -l + 2*j = 1. Suppose -l*v = g - 2*g + 3, 0 = v. What is the remainder when (-2 + 19)/((-1)/(-1)) is divided by g?
2
Let l be 3 - (-3 + (-5 - -4)). Suppose l*r + 1 = -27. What is the remainder when 980/42*(-6)/r is divide